 7?
6
Let m be (4 - 2) + 16 - 2. Suppose -5 = n + 3*v, 5*n - m = 5*v + 59. What is the remainder when 42 is divided by n?
2
Suppose 684 = 2*d + 4*w, -9*d + 4*d = 2*w - 1718. What is the remainder when 354 is divided by d?
10
Suppose 69*u - 28285 - 9379 = -38*u. What is the remainder when 1058 is divided by u?
2
Suppose 0*b + 6*b = 0. Let m(h) = h**2 + 2*h + 15. Let d be m(7). Suppose -5*c + 11*c - d = b. What is the remainder when 153 is divided by c?
10
Let l(b) = -5*b + 35. Let s be (-7)/(42/(-9))*126. Suppose 0 = 10*m - 151 - s. What is the remainder when m is divided by l(6)?
4
Let u be (-5 - (-3 + -1))/(1/(-4)). Suppose -24 = -u*g + h + h, 0 = 3*h - 6. Calculate the remainder when 13 is divided by g.
6
Suppose -73*y + 4466 = -1167 - 645. What is the remainder when 698 is divided by y?
10
Let h be 2583/(-1) - 13/(15 - 2). What is the remainder when 118 is divided by (h/(-64) - 0) + 3/(-8)?
38
Suppose -6*a + 5*r + 17 = 0, -r = -a + 20 - 18. Calculate the remainder when 5556 is divided by a.
5
Suppose 3*m - 96 = -15. What is the remainder when (-74)/((2496/(-130))/48) is divided by m?
23
Suppose 0 = 3*o - 5*i - 31, o - 3*i - 16 + 7 = 0. Calculate the remainder when 116 is divided by o.
8
Let m(i) = -i**2 - 9*i - 9. Let g be 40/5*1/1 - 4. Suppose y = 2*y - g*k + 11, 4*k - 25 = 3*y. Calculate the remainder when 28 is divided by m(y).
3
Suppose 5*p + 124 = -11. Let g = 32 + p. Suppose -g*z + 9*z - 272 = 0. What is the remainder when z is divided by 10?
8
Let n(x) = 139*x - 267. Let w(i) = -35*i + 67. Let l(h) = -2*n(h) - 9*w(h). Suppose 21 = 2*g - 31. Calculate the remainder when l(6) is divided by g.
23
Suppose -2*m + 543 = 207. Let v be (-4)/14 - (-888)/m. Suppose 3*p - 13 - 28 = -2*s, 0 = 5*s + v*p - 95. Calculate the remainder when 77 is divided by s.
13
Let f(v) = -3*v**3 - 7*v**2 + 4*v + 5. Let a(b) = 2*b**3 - 31*b**2 - b - 103. What is the remainder when a(16) is divided by f(-4)?
68
Suppose -5*r - 5*v = -2*r - 1383, 0 = -2*v. Let t = 476 - r. Calculate the remainder when 479 is divided by t.
14
What is the remainder when 728 is divided by (-1176)/(-119) + (-6)/(-51)?
8
Let w = 12265 + -11295. What is the remainder when w is divided by 6?
4
Let u = 30184 + -30152. Calculate the remainder when 47 is divided by u.
15
Let c(d) = 2*d**3 - 76*d**2 + 77*d + 168. Calculate the remainder when 559 is divided by c(37).
1
Suppose 29 = d - 6. Suppose r + 69 = -5*z, -r - d = 4*z + 34. Let f = -27 - r. Calculate the remainder when 166 is divided by f.
40
Suppose -5*w - 59260 = -4*k, 0 = -67*w + 70*w + 24. What is the remainder when k is divided by 6?
3
Suppose -9*h = -11*h + 16*h - 812. What is the remainder when 178 is divided by h?
4
Let s(i) = i - 4. Let k be s(8). Suppose 49 = 3*n - 2*c + 7*c, c = -k*n + 71. Calculate the remainder when n is divided by 10.
8
Let k(p) = -141*p**3 - 54*p**2 - 54*p + 1. What is the remainder when 479 is divided by k(-1)?
53
Calculate the remainder when 175 is divided by 1226277/25051 - (-2 + 160/82).
28
Let f(d) = 18*d - 155. Let v be f(10). Let u = v - -32. Calculate the remainder when 203 is divided by u.
32
Let r be 98/(-441) + (-9482)/18. Let b = r - -1251. Calculate the remainder when b is divided by 66.
64
Let n = 9090 + -8987. Calculate the remainder when 793 is divided by n.
72
Suppose 412 = j - 3*c - 2*c, 5*j + 4*c = 2089. Calculate the remainder when j is divided by (504/(-16))/(0 - 15/20).
39
Calculate the remainder when 798/152*24/14 - -1385 is divided by 198.
8
Let k(j) be the third derivative of j**5/60 - j**4/12 + 79*j**3 - 3*j**2 + 14. Calculate the remainder when k(0) is divided by 53.
50
Suppose -180 = -7*r + 100. Let u = -39 + r. Suppose -3*t + 5*n + 15 = 0, -4*t - n = u - 21. Calculate the remainder when 14 is divided by t.
4
Let b(w) = -w**3 - 19*w**2 - 19*w - 39. Let z be b(-18). Let o(i) = 2*i**2 + 39*i - 59. Calculate the remainder when 77 is divided by o(z).
1
Suppose 0*b = -2*b - 2. Suppose -1442*o = -290*o + 605*o - 40411. Calculate the remainder when o is divided by 2/((b - 0)/(-4)).
7
Let a = 873 - 358. Let i = -305 + a. What is the remainder when i is divided by 24?
18
Suppose 3*z + 3*h + 18 = -0*h, 10 = -3*z - h. Calculate the remainder when 11 is divided by z/(-8 - (-13 + 6)).
1
Suppose -39*h = 6*h - 33165. Let p = h + -677. Calculate the remainder when 80 is divided by p.
20
Let q = 1679 - 1607. Calculate the remainder when q is divided by 16.
8
Suppose 20*m = 5818 - 5138. Calculate the remainder when 441 is divided by m.
33
Let a be ((-152)/(-114))/(10/6 + -1). Suppose -a*o + 13 + 11 = 0. Suppose 15*p - o*p - 39 = 0. What is the remainder when 86 is divided by p?
8
Let s = 45 - 11. Let i(u) = 6*u - 21. Suppose -2*h + 5*x + 35 = 0, 2*h - 8 - 7 = x. What is the remainder when s is divided by i(h)?
7
Suppose -3*k = 4*r - 790, -5*k + 286 = -2*r - 1048. Calculate the remainder when k is divided by 132.
2
Let h = 75 - 45. Let p(c) = 10736*c**2 + 6*c - 10737*c**2 + 144 + 6*c. What is the remainder when h is divided by p(19)?
8
Let b be 128/(-10)*(11/22 + -3). Let k be (-8)/(2 - 0)*-1. Suppose -2*l = u - k*u + 14, 5*u - b = -l. What is the remainder when 22 is divided by u?
4
Suppose -5*b = -30 - 15. Suppose -3*u = b*u - 288. What is the remainder when 43 is divided by u?
19
Let q(u) = -33*u - 3. Let k = 359369 + -359365. Calculate the remainder when q(-2) is divided by k.
3
Suppose 2*z + 567 + 267 = 5*m, -5*m + 828 = z. Suppose -30*p + 4*j - 36 = -32*p, 57 = 4*p + 3*j. Calculate the remainder when m is divided by p.
10
Suppose 707*i - 34067 + 26369 = 43913. Calculate the remainder when i is divided by 3 + (-24)/2*-1.
13
Let o = 1940 + 1971. Calculate the remainder when o is divided by 38.
35
Let j be (42/(-28))/(9/5322). Let o = j - -956. Calculate the remainder when o is divided by 16.
5
Let p be (1 - -2)/(2 + (-94)/50). Suppose -p = -11*n + 63. Calculate the remainder when 14 is divided by n.
6
Let u(q) = q**2 + 2*q + 87. Suppose 3*f + 8 = -2*d, 3*d + 12 = -f - 0*d. Let j be u(f). Let c = -47 + j. Calculate the remainder when 116 is divided by c.
36
Let t be ((-14)/6)/(210/(-180)). Suppose -t*f = -2*o - 283 - 153, 3*f - 636 = -3*o. Calculate the remainder when f is divided by 32.
23
Let r(i) = -i**3 + 4*i**2 - i. Let v be r(4). Let g(p) = 0*p**3 - 3*p**3 - p + 2*p**3 - 20 - 2*p**2 + 18. What is the remainder when 134 is divided by g(v)?
32
Suppose 3*j = -t - 3, -2*t - 1 = 3*j + 5. Let y = 45 + -37. Calculate the remainder when 165 is divided by (j + 7)/(2/y).
25
Let f be 2/25 + 354/(-50). What is the remainder when 6 is divided by f/(42/5) - 17/(-6)?
0
Suppose 4*v + 43 = 2*i - 123, -3*i + 284 = v. Calculate the remainder when 196 is divided by i.
10
Let z(d) = 143*d**2 - 44*d + 448. Calculate the remainder when z(11) is divided by 10.
7
Calculate the remainder when ((-2)/2 - 1324)*(110 - 111) is divided by 17.
16
Suppose 5*k - 20 = 45. Suppose -17303*t = -17321*t + 1062. Calculate the remainder when t is divided by k.
7
Let t(c) = 13*c**2 - 99*c + 11. Let j(g) = -g**2 + 8*g + 11. Calculate the remainder when t(8) is divided by j(8).
7
Let n be 12/(-2 + 4) + -233. Let q = -204 - n. Calculate the remainder when q is divided by 13.
10
Let d = -133 - -193. Suppose 10*z + d = 220. Let j = z - 1. What is the remainder when j is divided by 9?
6
Let o(f) = -f**3 - 2*f**2 - 2*f + 1. Suppose -3*h = -5*a + 2*h - 10, 0 = -4*h - 4. Calculate the remainder when (3422/290)/(2/10) is divided by o(a).
11
Let i = 712 + -708. Suppose 253 = 5*z + x - 241, z + 2*x - 97 = 0. What is the remainder when z is divided by i?
3
Let b = -244 + 247. Suppose b*a = -4*w + 121, 2*w = -4*a + 2*a + 58. Calculate the remainder when 100 is divided by w.
32
Suppose 2*h + 4 = 4*z, -4*h + 3*h = -4*z - 2. What is the remainder when 111 is divided by (h + -76)*1/(-2)?
29
Let p(v) = -2*v**2 + 29*v - 5. Calculate the remainder when p(13) is divided by 3328/312 + 4/(-6).
4
Let j = -36 - -45. Suppose 5*h - x - 1164 = 0, -4*h + 6*x - 3*x + 929 = 0. What is the remainder when h is divided by j?
8
Suppose 14*a - 35*a + 63 = 0. Suppose a*f = 5*k - 50 - 2, 0 = 5*f + 20. What is the remainder when 151 is divided by k?
7
Let x = -832 + 871. Suppose 0*i - 32 = 3*i - 4*s, 5 = 5*i + 5*s. Calculate the remainder when x is divided by (-5)/1